 -2*x = -9*x + 420. Suppose x = 4*i + 12. Suppose i*b - 7*b - 5 = 0. What is the units digit of b?
1
Let i(k) = 59*k**2 + 4*k + 70. Let g be i(-6). Suppose 0 = -9*p + 35 + g. What is the tens digit of p?
4
Let z = 118 + -66. Let o = z + -48. What is the tens digit of 232 + o + 6/(-3) + 1?
3
Suppose -4*w - 33*v = -35*v - 107230, 107209 = 4*w + v. What is the thousands digit of w?
6
Let y(k) = 16*k**2 - 9*k**2 + 24*k - 322 + 635 - k**3 + 11*k**2 - 324. What is the tens digit of y(17)?
8
Let v be (414/15 + 2)/((-2)/(-45)). Suppose -2*g + v = -2*a, -1029 = -3*g - 3*a - 0*a. What is the units digit of g?
8
Let c be -691*(-2 - -1) + (76 - 75). Suppose -416 = -3*n + 2*v, -5*n + 0*v + 3*v = -c. What is the hundreds digit of n?
1
Let s(y) = -y**3 + 14*y**2 - 8*y + 10. Let a(c) = c**3 + 8*c**2 + 4*c - 8. Let o(z) = z - 28. Let w be o(21). Let u be a(w). What is the units digit of s(u)?
5
Suppose a + 7*m - 2*m + 19 = 0, 55 = 5*a - 5*m. Let p(i) = i**3 - 3*i**2 - 2*i - 3. What is the units digit of p(a)?
3
Let a(m) = 34*m**2 - 30*m - 202. What is the thousands digit of a(-14)?
6
Suppose 133 - 121 = 4*z. Let j(f) = 186*f + 59. What is the tens digit of j(z)?
1
Let l(x) = 2*x**2 + 3*x + 1. Let t be l(-9). Let d = 159 - t. What is the tens digit of d?
2
Let l = 253 - 226. What is the units digit of 5*-1 + l*259/21?
8
Suppose -3*n + 5*n = -c - 32, -2*n = -c + 24. What is the hundreds digit of 1260 - (74/n - (-8)/28)?
2
Suppose -22*t + 559364 - 133356 = 0. What is the hundreds digit of t?
3
Let a(z) = -2*z**3 - 4*z**2 - 43. What is the thousands digit of a(-10)?
1
Suppose -j = -2*i - 14670 - 17813, 5*j - 5*i = 162405. What is the thousands digit of j?
2
Suppose 359*d + 2*s - 130212 = 357*d, -3*d = 4*s - 195325. What is the hundreds digit of d?
0
Let l = 5613 - 671. What is the units digit of l?
2
Let w(s) = 2460*s - 4290. What is the hundreds digit of w(6)?
4
Let k(a) = -2026*a + 58. What is the hundreds digit of k(-4)?
1
What is the ten thousands digit of (-48)/72 + 38522/3?
1
Let y be ((-2)/(-4) - -1)/(12/88). Let f(m) = -16*m - 4. Let i be f(y). What is the hundreds digit of (-1 + 0)*(i + 5)?
1
Let r(z) = 19*z**2 - 7. Let v(u) = -3*u**2 + 14*u + 18. Let x be v(6). What is the units digit of r(x)?
7
Let o(w) = w**2 + 27*w + 47. Let p be o(-32). Suppose -p*r + 213*r - 2232 = 0. What is the tens digit of r?
7
Suppose 133 = 4*p + 5*l, 0 = 3*p - 2*p + 3*l - 42. Let i = p - 35. What is the units digit of (-3 - (-23 + 4))*(-42)/i?
4
Suppose 23*r - 20*r = l - 13796, 5*l - 69099 = -2*r. What is the ten thousands digit of l?
1
Let m(v) = 355*v + 51. Let r(u) = -1. Let l(f) = m(f) - 6*r(f). What is the thousands digit of l(4)?
1
Let v(t) = -51*t**2 + 23*t + 154. Let f be v(-7). Let q = 4133 + f. What is the hundreds digit of q?
6
Suppose 19799 = s + 5*k, -3*k = -92*s + 89*s + 59343. What is the thousands digit of s?
9
Let q be 10/(7 + -5) - -2148. Let v = -1115 + q. Suppose 41*w - v = 35*w. What is the units digit of w?
3
Let j be 4 - 5/((-15)/5601). Suppose 0 = 5*b - 1154 - j. Suppose -3*v - 2*v + 3*a + b = 0, 2*a - 605 = -5*v. What is the units digit of v?
1
Let n = -16573 - -30609. What is the tens digit of n?
3
Let w = 269 + -269. What is the units digit of w - -2 - 5 - -400?
7
Suppose 25*r - 10*r = 14*r + 18597. What is the ten thousands digit of r?
1
Let z(n) = -5*n**3 - 9*n**2 + 87*n - 113. What is the thousands digit of z(-15)?
3
Suppose -100*l + 1053626 = 19*l. What is the units digit of l?
4
Suppose -3*c + 2 = 5*b, -2*c + 3*b - b = -12. Suppose c*f - 474 = 5*z + 546, -z - 255 = -f. What is the units digit of f?
5
Suppose -5*f = -4*x - 44, x + 3*x - 2*f + 44 = 0. Let b be 1*(x/(-1))/1. What is the units digit of (b/(-33))/(2/3)*-42?
1
Let c(h) = 7266*h**3 - 3*h**2 + 11*h - 8. What is the tens digit of c(1)?
6
Let f(x) = x**3 + 5*x**2 - 7*x - 6. Let q be f(-5). Suppose y + q = -6. Let l = 203 + y. What is the units digit of l?
8
Let z = 63 - -9. Suppose f - z = -5*f. What is the tens digit of (0 + 116)*6/f?
5
Suppose 19*h = 17*h - 3*w - 2, -5*w - 25 = -h. Suppose -7*l = -h*l - 534. What is the hundreds digit of l?
2
Let n(m) = -m**3 + 5*m**2 - 38*m - 120. What is the tens digit of n(-6)?
0
Let a = 37 - 17. Suppose 16*c = a*c - 4. Suppose 2*g = g - c, -h + 89 = 4*g. What is the tens digit of h?
9
Let y(a) = 9*a + 121. Let u be y(-13). Suppose 0*b - 3*l = -b + 447, 0 = -u*b + 3*l + 1752. What is the units digit of b?
5
Let n = -338 - -126. Let z(m) = -m**3 - 25*m**2 - 28*m - 44. Let c be z(-24). Let h = c - n. What is the hundreds digit of h?
2
Let h(v) = 214*v + 1. Let n be h(2). Suppose -7*o - 5328 = -25*o. Let u = n - o. What is the hundreds digit of u?
1
Let d(f) = -f**3 - 2*f**2 - 3*f - 14. Let i be d(-3). Suppose 4*h - i*w = 1176, 3*h + 3*w - 354 - 534 = 0. What is the hundreds digit of h?
2
Let i(h) = -h**3 + 63*h**2 + 170*h - 4959. What is the hundreds digit of i(61)?
8
Let b(y) = 5*y**2 + 26*y + 17. Let w be b(-9). Let l = w + -90. What is the tens digit of l?
9
Let j(q) = 17*q**2 + 75*q + 3. Let u be j(-6). Suppose -s = 2*s, 5*p = -3*s + u. What is the tens digit of p?
3
Suppose 26*x - 12*x = -196. What is the tens digit of 8 + 0 + x + (-158)/(-2)?
7
Let u be 2/2 + 3 - 1. Suppose -3*y - 2*y - u*o = -14, 5*o + 14 = y. What is the units digit of -1 + (-46)/6*(1 - y)?
2
Suppose 10*u = 14*u - 3*k - 2391, 0 = 4*u + 4*k - 2412. Suppose 16*j = 10*j + u. What is the hundreds digit of j?
1
Suppose -3*t + 3 = 5*l, -3*t + 9*l - 4*l + 33 = 0. What is the tens digit of 14 - 10/t*-3?
1
Suppose 6*v - 31*v + 350922 = -653328. What is the units digit of v?
0
Let b(s) = -3*s**2 + 11*s + 18. Let x(y) = -4*y**2 + 13*y + 20. Let z(v) = 5*b(v) - 4*x(v). Suppose -2*n = -8 - 10. What is the units digit of z(n)?
8
Let h(b) be the first derivative of -10*b + 4/3*b**3 + 2*b**2 + 5. What is the tens digit of h(-3)?
1
Let g(a) = -353*a - 39. Let x be g(3). Let w = 1596 + x. What is the tens digit of w?
9
Let b(z) = 14*z - 235. Let s be b(17). Suppose s*d - 564 = 1383. What is the units digit of d?
9
Let h(p) = 1334*p**2 + p. Let k be h(1). Suppose -4*z = 5*o + 71 - k, z - 508 = -2*o. What is the tens digit of o?
5
Suppose 0 = -g - 8*g + 3987. Let u = g - 222. What is the hundreds digit of u?
2
Suppose -g - 4776480 = -81*g. What is the ten thousands digit of g?
5
Suppose 140 = 4*i - b, -i - 5*b + 23 = -12. Let p = 58 + -30. What is the units digit of p - (7/i - 14/(-5))?
5
Suppose 2*n = 3*w - w - 148, 2*w = -2*n + 128. Suppose 7*u + w = -211. Let m = 62 + u. What is the units digit of m?
2
Let n = -9 + 54. Suppose -n + 3 = -7*v. Suppose -v*b + 4*b = 3*o - 174, 3*b - 239 = o. What is the tens digit of b?
8
Let o = 62 + 11. Let b = 3465 - 3470. Let z = o - b. What is the units digit of z?
8
Let s be ((-1145)/(-6) - 4/(-24))*-4. Let d = s + 1137. What is the tens digit of d?
7
Suppose 6*i + 420 = -0*i. Let v be 2112/20 + 7/(i/(-4)). Suppose -2*j - j + v = 2*h, -4*h + 180 = -2*j. What is the units digit of h?
7
Let w = 6354 + -4221. What is the units digit of w?
3
What is the tens digit of 1558 + 16 - (-5 + 0)?
7
What is the tens digit of 3606 - -35 - (-4)/(0 - 0 - -2)?
4
Let p(s) = 3*s**2 + 2*s + 4. Let y be p(-2). Let b be -3*(-2)/y*86. Suppose -n = 3*i - b, 0 = 2*n - 7*i + 2*i - 108. What is the units digit of n?
9
Let h(p) = 4*p**3 + 15*p**2 + 5*p + 24. Let b(r) = r**3 - 1. Let t(l) = -5*b(l) + h(l). What is the units digit of t(7)?
6
Suppose -o + 1701 = -314*q + 315*q, -5*q = -6*o + 10195. What is the thousands digit of o?
1
Suppose 0 = -881*s + 984*s - 1619881. What is the thousands digit of s?
5
Let m(f) = -f**3 - 4*f**2 + 18*f + 4. Let p be 4/((-4)/(-21))*(-70)/210. What is the tens digit of m(p)?
2
Let g(h) be the second derivative of 0 + 7/2*h**2 - 21/2*h**3 - 19*h. What is the tens digit of g(-1)?
7
Suppose s = 5*i - 8, -2*i = s + 2*i - 10. Suppose s*v + 0*v - 2 = 0. Suppose 3*f = v - 13, 5*r + 3*f = 53. What is the tens digit of r?
1
Suppose 5*q - 32 = -7. Suppose -h + 1 = -f - 0, q*h + 3*f - 29 = 0. Suppose 91 = x - 3*m, 2 - 6 = -h*m. What is the units digit of x?
4
Suppose 3*y = -5*r + 11650, 13*y = -3*r + 16*y + 6990. What is the thousands digit of r?
2
Let d(o) = 213*o - 69. Let q be d(8). Let b = -1118 + q. What is the hundreds digit of b?
5
Suppose 13*s + 4248 - 